{"id":168,"date":"2018-06-19T13:42:19","date_gmt":"2018-06-19T13:42:19","guid":{"rendered":"https:\/\/vefir.borgo.is\/dan-hunang\/index.php\/product\/assorted-coffee\/"},"modified":"2021-10-19T11:08:03","modified_gmt":"2021-10-19T11:08:03","slug":"hunangsvatn","status":"publish","type":"product","link":"https:\/\/vefir.borgo.is\/dan-hunang\/index.php\/product\/hunangsvatn\/","title":{"rendered":"Hunangsvatn"},"content":{"rendered":"<div class=\"page\" title=\"Page 1\">\n<div class=\"layoutArea\">\n<div class=\"column\">\n<p>Hunangsvatn er sja\u0301lfb\u00e6r framlei\u00f0sla \u00fear sem nota\u00f0 ver\u00f0ur i\u0301slenskt<br \/>\nhunang og a\u00f0 sja\u0301lfso\u0308g\u00f0u i\u0301slenskt vatn. Hunang hefur i\u0301 aldara\u00f0i\u00f0 veri\u00f0 nota\u00f0<br \/>\ni\u0301 l\u00e6kningaskyni og \u00feykir einnig mjo\u0308g brag\u00f0gott. Ger\u00f0ar hafa veri\u00f0 margar rannso\u0301knir sem hafa me\u00f0al annars sy\u0301nt fram a\u0301 a\u00f0 \u00feo\u0301tt hunang innihaldi sykur vir\u00f0ist sem ho\u0301fsamleg neysla \u00feess o\u0308rvi t.d. efnaskipti og fitubrennslu li\u0301kamans. Hunangsvatn er fra\u0301b\u00e6r orkugjafi sem g\u00e6ti ho\u0308f\u00f0a\u00f0 vel til t.d. i\u0301\u00fero\u0301ttafo\u0301lks og \u00feykir mun hollari orkugjafi en \u00feru\u0301gusykur sem jafnan er nota\u00f0ur i\u0301 keppnum.<\/p>\n<\/div>\n<\/div>\n<\/div>\n","protected":false},"excerpt":{"rendered":"<p>Heilbryggt og brag\u00f0gott, gert fr\u00e1 b\u00e6\u00f0i \u00cdslensku vatni og hunangi.<\/p>\n","protected":false},"featured_media":4210,"comment_status":"open","ping_status":"closed","template":"","meta":[],"product_cat":[31,32],"product_tag":[],"class_list":["post-168","product","type-product","status-publish","has-post-thumbnail","hentry","product_cat-heilsu-drykkir","product_cat-nytt"],"_links":{"self":[{"href":"https:\/\/vefir.borgo.is\/dan-hunang\/index.php\/wp-json\/wp\/v2\/product\/168","targetHints":{"allow":["GET"]}}],"collection":[{"href":"https:\/\/vefir.borgo.is\/dan-hunang\/index.php\/wp-json\/wp\/v2\/product"}],"about":[{"href":"https:\/\/vefir.borgo.is\/dan-hunang\/index.php\/wp-json\/wp\/v2\/types\/product"}],"replies":[{"embeddable":true,"href":"https:\/\/vefir.borgo.is\/dan-hunang\/index.php\/wp-json\/wp\/v2\/comments?post=168"}],"wp:featuredmedia":[{"embeddable":true,"href":"https:\/\/vefir.borgo.is\/dan-hunang\/index.php\/wp-json\/wp\/v2\/media\/4210"}],"wp:attachment":[{"href":"https:\/\/vefir.borgo.is\/dan-hunang\/index.php\/wp-json\/wp\/v2\/media?parent=168"}],"wp:term":[{"taxonomy":"product_cat","embeddable":true,"href":"https:\/\/vefir.borgo.is\/dan-hunang\/index.php\/wp-json\/wp\/v2\/product_cat?post=168"},{"taxonomy":"product_tag","embeddable":true,"href":"https:\/\/vefir.borgo.is\/dan-hunang\/index.php\/wp-json\/wp\/v2\/product_tag?post=168"}],"curies":[{"name":"wp","href":"https:\/\/api.w.org\/{rel}","templated":true}]}}