{"id":512,"date":"2021-03-03T07:01:16","date_gmt":"2021-03-03T07:01:16","guid":{"rendered":"https:\/\/vefir.borgo.is\/marianna\/index.php\/contact\/"},"modified":"2021-11-02T11:33:20","modified_gmt":"2021-11-02T11:33:20","slug":"contact","status":"publish","type":"page","link":"https:\/\/vefir.borgo.is\/marianna\/index.php\/contact\/","title":{"rendered":"Flatus Lifir"},"content":{"rendered":"\t\t<div data-elementor-type=\"wp-page\" data-elementor-id=\"512\" class=\"elementor elementor-512\" data-elementor-settings=\"[]\">\n\t\t\t\t\t\t\t<div class=\"elementor-section-wrap\">\n\t\t\t\t\t\t\t<section class=\"elementor-section elementor-top-section elementor-element elementor-element-541c585 elementor-section-boxed elementor-section-height-default elementor-section-height-default\" data-id=\"541c585\" data-element_type=\"section\">\n\t\t\t\t\t\t<div class=\"elementor-container elementor-column-gap-no\">\n\t\t\t\t\t<div class=\"elementor-column elementor-col-100 elementor-top-column elementor-element elementor-element-523fa9a\" data-id=\"523fa9a\" data-element_type=\"column\">\n\t\t\t<div class=\"elementor-widget-wrap elementor-element-populated\">\n\t\t\t\t\t\t\t\t<div class=\"elementor-element elementor-element-c54aa98 elementor-widget elementor-widget-heading\" data-id=\"c54aa98\" data-element_type=\"widget\" data-widget_type=\"heading.default\">\n\t\t\t\t<div class=\"elementor-widget-container\">\n\t\t\t<h1 class=\"elementor-heading-title elementor-size-default\">Hver e\u00f0a hva\u00f0 er flatus<\/h1>\t\t<\/div>\n\t\t\t\t<\/div>\n\t\t\t\t<section class=\"elementor-section elementor-inner-section elementor-element elementor-element-fb152fa elementor-section-boxed elementor-section-height-default elementor-section-height-default\" data-id=\"fb152fa\" data-element_type=\"section\">\n\t\t\t\t\t\t<div class=\"elementor-container elementor-column-gap-no\">\n\t\t\t\t\t<div class=\"elementor-column elementor-col-50 elementor-inner-column elementor-element elementor-element-8303511\" data-id=\"8303511\" data-element_type=\"column\">\n\t\t\t<div class=\"elementor-widget-wrap elementor-element-populated\">\n\t\t\t\t\t\t\t\t<div class=\"elementor-element elementor-element-8a98954 elementor-view-default elementor-vertical-align-top elementor-widget elementor-widget-icon-box\" data-id=\"8a98954\" data-element_type=\"widget\" data-widget_type=\"icon-box.default\">\n\t\t\t\t<div class=\"elementor-widget-container\">\n\t\t\t\t\t<div class=\"elementor-icon-box-wrapper\">\n\t\t\t\t\t\t<div class=\"elementor-icon-box-content\">\n\t\t\t\t<h6 class=\"elementor-icon-box-title\">\n\t\t\t\t\t<span  >\n\t\t\t\t\t\thva\u00f0 \u00e9g heyr\u00f0i\t\t\t\t\t<\/span>\n\t\t\t\t<\/h6>\n\t\t\t\t\t\t\t\t\t<p class=\"elementor-icon-box-description\">\n\t\t\t\t\t\t\u00c9g heyr\u00f0i s\u00f6guna \u00feannig a\u00f0 fyrir m\u00f6rgum \u00e1rum var t\u00f3mur gr\u00e1r veggur vi\u00f0 hli\u00f0 Esjunar en einn daginn birtist \u00ed st\u00f3rum rau\u00f0um st\u00f6fum \"Flatus lifir\". A\u00f0 \u00fea\u00f0 hafi veri\u00f0 fjarl\u00e6gt svo stafina en alltaf m\u00e1la\u00f0 n\u00fdtt ofan\u00e1 og \u00feannig haf\u00f0i leikurinn veri\u00f0 fram og tilbaka aftur og aftur. A\u00f0 engin veit \u00ed raun og veru hva\u00f0 e\u00f0a hver Flatus er en \u00edslenskir artistar halda \u00feessu uppi\t\t\t\t\t<\/p>\n\t\t\t\t\t\t\t<\/div>\n\t\t<\/div>\n\t\t\t\t<\/div>\n\t\t\t\t<\/div>\n\t\t\t\t\t<\/div>\n\t\t<\/div>\n\t\t\t\t<div class=\"elementor-column elementor-col-50 elementor-inner-column elementor-element elementor-element-4bcb13b\" data-id=\"4bcb13b\" data-element_type=\"column\" data-settings=\"{&quot;background_background&quot;:&quot;slideshow&quot;,&quot;background_slideshow_gallery&quot;:[{&quot;id&quot;:752,&quot;url&quot;:&quot;https:\\\/\\\/vefir.borgo.is\\\/marianna\\\/wp-content\\\/uploads\\\/2021\\\/11\\\/flatus-lifir1.jpg&quot;},{&quot;id&quot;:756,&quot;url&quot;:&quot;https:\\\/\\\/vefir.borgo.is\\\/marianna\\\/wp-content\\\/uploads\\\/2021\\\/11\\\/flatus-lifir2.jpg&quot;},{&quot;id&quot;:754,&quot;url&quot;:&quot;https:\\\/\\\/vefir.borgo.is\\\/marianna\\\/wp-content\\\/uploads\\\/2021\\\/11\\\/flatus-lifir3-1.jpg&quot;},{&quot;id&quot;:755,&quot;url&quot;:&quot;https:\\\/\\\/vefir.borgo.is\\\/marianna\\\/wp-content\\\/uploads\\\/2021\\\/11\\\/Flatus-lifir4.jpg&quot;}],&quot;background_slideshow_loop&quot;:&quot;yes&quot;,&quot;background_slideshow_slide_duration&quot;:5000,&quot;background_slideshow_slide_transition&quot;:&quot;fade&quot;,&quot;background_slideshow_transition_duration&quot;:500}\">\n\t\t\t<div class=\"elementor-widget-wrap\">\n\t\t\t\t\t\t\t\t\t<\/div>\n\t\t<\/div>\n\t\t\t\t\t\t\t<\/div>\n\t\t<\/section>\n\t\t\t\t<div class=\"elementor-element elementor-element-ab755f9 elementor-view-default elementor-vertical-align-top elementor-widget elementor-widget-icon-box\" data-id=\"ab755f9\" data-element_type=\"widget\" data-widget_type=\"icon-box.default\">\n\t\t\t\t<div class=\"elementor-widget-container\">\n\t\t\t\t\t<div class=\"elementor-icon-box-wrapper\">\n\t\t\t\t\t\t<div class=\"elementor-icon-box-content\">\n\t\t\t\t<h6 class=\"elementor-icon-box-title\">\n\t\t\t\t\t<span  >\n\t\t\t\t\t\t\t\t\t\t\t<\/span>\n\t\t\t\t<\/h6>\n\t\t\t\t\t\t\t<\/div>\n\t\t<\/div>\n\t\t\t\t<\/div>\n\t\t\t\t<\/div>\n\t\t\t\t\t<\/div>\n\t\t<\/div>\n\t\t\t\t\t\t\t<\/div>\n\t\t<\/section>\n\t\t\t\t\t\t<\/div>\n\t\t\t\t\t<\/div>\n\t\t","protected":false},"excerpt":{"rendered":"<p>Hver e\u00f0a hva\u00f0 er flatus hva\u00f0 \u00e9g heyr\u00f0i \u00c9g heyr\u00f0i s\u00f6guna \u00feannig a\u00f0 fyrir m\u00f6rgum \u00e1rum var t\u00f3mur gr\u00e1r veggur vi\u00f0 hli\u00f0 Esjunar en einn daginn birtist \u00ed st\u00f3rum rau\u00f0um st\u00f6fum &#8220;Flatus lifir&#8221;. A\u00f0 \u00fea\u00f0 hafi veri\u00f0 fjarl\u00e6gt svo stafina en alltaf m\u00e1la\u00f0 n\u00fdtt ofan\u00e1 og \u00feannig haf\u00f0i leikurinn veri\u00f0 fram og tilbaka aftur og &hellip;<\/p>\n<p class=\"read-more\"> <a class=\"\" href=\"https:\/\/vefir.borgo.is\/marianna\/index.php\/contact\/\"> <span class=\"screen-reader-text\">Flatus Lifir<\/span> Read More &raquo;<\/a><\/p>\n","protected":false},"author":1,"featured_media":0,"parent":0,"menu_order":0,"comment_status":"closed","ping_status":"closed","template":"","meta":{"footnotes":""},"class_list":["post-512","page","type-page","status-publish","hentry"],"_links":{"self":[{"href":"https:\/\/vefir.borgo.is\/marianna\/index.php\/wp-json\/wp\/v2\/pages\/512","targetHints":{"allow":["GET"]}}],"collection":[{"href":"https:\/\/vefir.borgo.is\/marianna\/index.php\/wp-json\/wp\/v2\/pages"}],"about":[{"href":"https:\/\/vefir.borgo.is\/marianna\/index.php\/wp-json\/wp\/v2\/types\/page"}],"author":[{"embeddable":true,"href":"https:\/\/vefir.borgo.is\/marianna\/index.php\/wp-json\/wp\/v2\/users\/1"}],"replies":[{"embeddable":true,"href":"https:\/\/vefir.borgo.is\/marianna\/index.php\/wp-json\/wp\/v2\/comments?post=512"}],"version-history":[{"count":8,"href":"https:\/\/vefir.borgo.is\/marianna\/index.php\/wp-json\/wp\/v2\/pages\/512\/revisions"}],"predecessor-version":[{"id":794,"href":"https:\/\/vefir.borgo.is\/marianna\/index.php\/wp-json\/wp\/v2\/pages\/512\/revisions\/794"}],"wp:attachment":[{"href":"https:\/\/vefir.borgo.is\/marianna\/index.php\/wp-json\/wp\/v2\/media?parent=512"}],"curies":[{"name":"wp","href":"https:\/\/api.w.org\/{rel}","templated":true}]}}