{"id":10,"date":"2021-12-07T12:16:47","date_gmt":"2021-12-07T12:16:47","guid":{"rendered":"https:\/\/vefir.borgo.is\/soleyragnarsdottir\/?page_id=10"},"modified":"2021-12-13T14:05:22","modified_gmt":"2021-12-13T14:05:22","slug":"forsida","status":"publish","type":"page","link":"https:\/\/vefir.borgo.is\/soleyragnarsdottir\/","title":{"rendered":"fors\u00ed\u00f0a"},"content":{"rendered":"\t\t<div data-elementor-type=\"wp-page\" data-elementor-id=\"10\" class=\"elementor elementor-10\" data-elementor-settings=\"[]\">\n\t\t\t\t\t\t\t<div class=\"elementor-section-wrap\">\n\t\t\t\t\t\t\t<section class=\"elementor-section elementor-top-section elementor-element elementor-element-b5ec65c elementor-section-height-min-height elementor-section-boxed elementor-section-height-default elementor-section-items-middle\" data-id=\"b5ec65c\" data-element_type=\"section\" data-settings=\"{&quot;background_background&quot;:&quot;classic&quot;}\">\n\t\t\t\t\t\t<div class=\"elementor-container elementor-column-gap-default\">\n\t\t\t\t\t<div class=\"elementor-column elementor-col-100 elementor-top-column elementor-element elementor-element-8035c3a\" data-id=\"8035c3a\" data-element_type=\"column\">\n\t\t\t<div class=\"elementor-widget-wrap elementor-element-populated\">\n\t\t\t\t\t\t\t\t<div class=\"elementor-element elementor-element-7d39b06 elementor-widget elementor-widget-heading\" data-id=\"7d39b06\" data-element_type=\"widget\" data-widget_type=\"heading.default\">\n\t\t\t\t<div class=\"elementor-widget-container\">\n\t\t\t<h1 class=\"elementor-heading-title elementor-size-default\">PORTF\u00d3L\u00cd\u00d3<\/h1>\t\t<\/div>\n\t\t\t\t<\/div>\n\t\t\t\t<div class=\"elementor-element elementor-element-75d38d3 elementor-widget elementor-widget-text-editor\" data-id=\"75d38d3\" data-element_type=\"widget\" data-widget_type=\"text-editor.default\">\n\t\t\t\t<div class=\"elementor-widget-container\">\n\t\t\t\t\t\t\t<p>S\u00f3ley Ragnarsd\u00f3ttir<\/p>\t\t\t\t\t\t<\/div>\n\t\t\t\t<\/div>\n\t\t\t\t\t<\/div>\n\t\t<\/div>\n\t\t\t\t\t\t\t<\/div>\n\t\t<\/section>\n\t\t\t\t<section class=\"elementor-section elementor-top-section elementor-element elementor-element-bd41aad elementor-section-boxed elementor-section-height-default elementor-section-height-default\" data-id=\"bd41aad\" data-element_type=\"section\">\n\t\t\t\t\t\t\t<div class=\"elementor-background-overlay\"><\/div>\n\t\t\t\t\t\t\t<div class=\"elementor-container elementor-column-gap-default\">\n\t\t\t\t\t<div class=\"elementor-column elementor-col-100 elementor-top-column elementor-element elementor-element-1f98eb0\" data-id=\"1f98eb0\" data-element_type=\"column\">\n\t\t\t<div class=\"elementor-widget-wrap elementor-element-populated\">\n\t\t\t\t\t\t\t\t<div class=\"elementor-element elementor-element-0af9f30 elementor-widget elementor-widget-powerfolio_gallery\" data-id=\"0af9f30\" data-element_type=\"widget\" data-widget_type=\"powerfolio_gallery.default\">\n\t\t\t\t<div class=\"elementor-widget-container\">\n\t\t\t<div class=\"elpt-portfolio\"><div class=\"elpt-portfolio-filter\"><button class=\"portfolio-filter-item item-active\" data-filter=\"*\" style=\"background-color:;\">All<\/button><button class=\"portfolio-filter-item\" style=\"background-color:;\" data-filter=\".elemenfoliocategory-graf\u00cdsk_h\u00d6nnun\">GRAF\u00cdSK H\u00d6NNUN<\/button><button class=\"portfolio-filter-item\" style=\"background-color:;\" data-filter=\".elemenfoliocategory-plak\u00d6t\">PLAK\u00d6T<\/button><button class=\"portfolio-filter-item\" style=\"background-color:;\" data-filter=\".elemenfoliocategory-vefh\u00d6nnun\">VEFH\u00d6NNUN<\/button><\/div><div class=\"elpt-portfolio-content elpt-portfolio-content-isotope elpt-portfolio-style-masonry  simple elpt-portfolio-columns-3 elpt-portfolio-margin\"><div class=\"portfolio-item-wrapper  elemenfoliocategory-plak\u00d6t\"><a href=\"https:\/\/vefir.borgo.is\/soleyragnarsdottir\/wp-content\/uploads\/2021\/12\/rauttplakat-e1639062952740.jpg\" class=\"portfolio-item elpt-portfolio-lightbox\" rel=&quot;elpt-portfolio&quot; style=\"background-image: url(https:\/\/vefir.borgo.is\/soleyragnarsdottir\/wp-content\/uploads\/2021\/12\/rauttplakat-e1639062952740.jpg)\" title=\"fors\u00ed\u00f0a\"  ><img decoding=\"async\" src=\"https:\/\/vefir.borgo.is\/soleyragnarsdottir\/wp-content\/uploads\/2021\/12\/rauttplakat-e1639062952740.jpg\" title=\"AMER\u00cdSKA S\u00d6NGB\u00d3KIN - M\u00cdT\" alt=\"AMER\u00cdSKA S\u00d6NGB\u00d3KIN - M\u00cdT\"\/><div class=\"portfolio-item-infos-wrapper\" style=\"background-color:;\"><div class=\"portfolio-item-infos\"><div class=\"portfolio-item-title\">AMER\u00cdSKA S\u00d6NGB\u00d3KIN - M\u00cdT<\/div><div class=\"portfolio-item-category\"><span class=\"elpt-portfolio-cat\">PLAK\u00d6T<\/span><\/div><\/div><\/div><\/a><\/div><div class=\"portfolio-item-wrapper  elemenfoliocategory-plak\u00d6t\"><a href=\"https:\/\/vefir.borgo.is\/soleyragnarsdottir\/wp-content\/uploads\/2021\/12\/melonurogvinberforweb.jpeg\" class=\"portfolio-item elpt-portfolio-lightbox\" rel=&quot;elpt-portfolio&quot; style=\"background-image: url(https:\/\/vefir.borgo.is\/soleyragnarsdottir\/wp-content\/uploads\/2021\/12\/melonurogvinberforweb.jpeg)\" title=\"fors\u00ed\u00f0a\"  ><img decoding=\"async\" src=\"https:\/\/vefir.borgo.is\/soleyragnarsdottir\/wp-content\/uploads\/2021\/12\/melonurogvinberforweb.jpeg\" title=\"J\u00d3N M\u00daLI AFM\u00c6LIST\u00d3NLEIKAR - M\u00cdT\" alt=\"J\u00d3N M\u00daLI AFM\u00c6LIST\u00d3NLEIKAR - M\u00cdT\"\/><div class=\"portfolio-item-infos-wrapper\" style=\"background-color:;\"><div class=\"portfolio-item-infos\"><div class=\"portfolio-item-title\">J\u00d3N M\u00daLI AFM\u00c6LIST\u00d3NLEIKAR - M\u00cdT<\/div><div class=\"portfolio-item-category\"><span class=\"elpt-portfolio-cat\">PLAK\u00d6T<\/span><\/div><\/div><\/div><\/a><\/div><div class=\"portfolio-item-wrapper  elemenfoliocategory-graf\u00cdsk_h\u00d6nnun\"><a href=\"https:\/\/vefir.borgo.is\/soleyragnarsdottir\/wp-content\/uploads\/2021\/12\/logosogh.jpg\" class=\"portfolio-item elpt-portfolio-lightbox\" rel=&quot;elpt-portfolio&quot; style=\"background-image: url(https:\/\/vefir.borgo.is\/soleyragnarsdottir\/wp-content\/uploads\/2021\/12\/logosogh.jpg)\" title=\"fors\u00ed\u00f0a\"  ><img decoding=\"async\" src=\"https:\/\/vefir.borgo.is\/soleyragnarsdottir\/wp-content\/uploads\/2021\/12\/logosogh.jpg\" title=\"LOGO FYRIR HUNANGSATN\" alt=\"LOGO FYRIR HUNANGSATN\"\/><div class=\"portfolio-item-infos-wrapper\" style=\"background-color:;\"><div class=\"portfolio-item-infos\"><div class=\"portfolio-item-title\">LOGO FYRIR HUNANGSATN<\/div><div class=\"portfolio-item-category\"><span class=\"elpt-portfolio-cat\">GRAF\u00cdSK H\u00d6NNUN<\/span><\/div><\/div><\/div><\/a><\/div><div class=\"portfolio-item-wrapper  elemenfoliocategory-graf\u00cdsk_h\u00d6nnun\"><a href=\"https:\/\/vefir.borgo.is\/soleyragnarsdottir\/wp-content\/uploads\/2021\/12\/vininnanhusa.png\" class=\"portfolio-item elpt-portfolio-lightbox\" rel=&quot;elpt-portfolio&quot; style=\"background-image: url(https:\/\/vefir.borgo.is\/soleyragnarsdottir\/wp-content\/uploads\/2021\/12\/vininnanhusa.png)\" title=\"fors\u00ed\u00f0a\"  ><img decoding=\"async\" src=\"https:\/\/vefir.borgo.is\/soleyragnarsdottir\/wp-content\/uploads\/2021\/12\/vininnanhusa.png\" title=\"VIN INNANH\u00daSARKITEKTASTOFA LOGO\" alt=\"VIN INNANH\u00daSARKITEKTASTOFA LOGO\"\/><div class=\"portfolio-item-infos-wrapper\" style=\"background-color:;\"><div class=\"portfolio-item-infos\"><div class=\"portfolio-item-title\">VIN INNANH\u00daSARKITEKTASTOFA LOGO<\/div><div class=\"portfolio-item-category\"><span class=\"elpt-portfolio-cat\">GRAF\u00cdSK H\u00d6NNUN<\/span><\/div><\/div><\/div><\/a><\/div><div class=\"portfolio-item-wrapper  elemenfoliocategory-graf\u00cdsk_h\u00d6nnun\"><a href=\"https:\/\/vefir.borgo.is\/soleyragnarsdottir\/wp-content\/uploads\/2021\/12\/animeradhv-soley.mp4\" class=\"portfolio-item elpt-portfolio-lightbox\" rel=&quot;elpt-portfolio&quot; style=\"background-image: url(https:\/\/vefir.borgo.is\/soleyragnarsdottir\/wp-content\/uploads\/2021\/12\/animeradhv-soley.mp4)\" title=\"fors\u00ed\u00f0a\"  ><img decoding=\"async\" src=\"https:\/\/vefir.borgo.is\/soleyragnarsdottir\/wp-content\/uploads\/2021\/12\/animeradhv-soley.mp4\" title=\"ANIMERA\u00d0 LOGO - HUNANGSVATN\" alt=\"ANIMERA\u00d0 LOGO - HUNANGSVATN\"\/><div class=\"portfolio-item-infos-wrapper\" style=\"background-color:;\"><div class=\"portfolio-item-infos\"><div class=\"portfolio-item-title\">ANIMERA\u00d0 LOGO - HUNANGSVATN<\/div><div class=\"portfolio-item-category\"><span class=\"elpt-portfolio-cat\">GRAF\u00cdSK H\u00d6NNUN<\/span><\/div><\/div><\/div><\/a><\/div><div class=\"portfolio-item-wrapper  elemenfoliocategory-graf\u00cdsk_h\u00d6nnun\"><a href=\"https:\/\/vefir.borgo.is\/soleyragnarsdottir\/wp-content\/uploads\/2021\/12\/logo.png\" class=\"portfolio-item elpt-portfolio-lightbox\" rel=&quot;elpt-portfolio&quot; style=\"background-image: url(https:\/\/vefir.borgo.is\/soleyragnarsdottir\/wp-content\/uploads\/2021\/12\/logo.png)\" title=\"fors\u00ed\u00f0a\"  ><img decoding=\"async\" src=\"https:\/\/vefir.borgo.is\/soleyragnarsdottir\/wp-content\/uploads\/2021\/12\/logo.png\" title=\"HUNANGSVATN \u00cd LIT\" alt=\"HUNANGSVATN \u00cd LIT\"\/><div class=\"portfolio-item-infos-wrapper\" style=\"background-color:;\"><div class=\"portfolio-item-infos\"><div class=\"portfolio-item-title\">HUNANGSVATN \u00cd LIT<\/div><div class=\"portfolio-item-category\"><span class=\"elpt-portfolio-cat\">GRAF\u00cdSK H\u00d6NNUN<\/span><\/div><\/div><\/div><\/a><\/div><div class=\"portfolio-item-wrapper  elemenfoliocategory-vefh\u00d6nnun\"><a href=\"https:\/\/vefir.borgo.is\/soleyragnarsdottir\/wp-content\/uploads\/2021\/12\/bjugnakraekir.png\" class=\"portfolio-item elpt-portfolio-lightbox\" rel=&quot;elpt-portfolio&quot; style=\"background-image: url(https:\/\/vefir.borgo.is\/soleyragnarsdottir\/wp-content\/uploads\/2021\/12\/bjugnakraekir.png)\" title=\"fors\u00ed\u00f0a\"  ><img decoding=\"async\" src=\"https:\/\/vefir.borgo.is\/soleyragnarsdottir\/wp-content\/uploads\/2021\/12\/bjugnakraekir.png\" title=\"BJ\u00daGNAKR\u00c6KIR\" alt=\"BJ\u00daGNAKR\u00c6KIR\"\/><div class=\"portfolio-item-infos-wrapper\" style=\"background-color:;\"><div class=\"portfolio-item-infos\"><div class=\"portfolio-item-title\">BJ\u00daGNAKR\u00c6KIR<\/div><div class=\"portfolio-item-category\"><span class=\"elpt-portfolio-cat\">VEFH\u00d6NNUN<\/span><\/div><\/div><\/div><\/a><\/div><div class=\"portfolio-item-wrapper  elemenfoliocategory-graf\u00cdsk_h\u00d6nnun\"><a href=\"https:\/\/vefir.borgo.is\/soleyragnarsdottir\/wp-content\/uploads\/2021\/12\/soley-jon-muli-vinyl-plata.jpg\" class=\"portfolio-item elpt-portfolio-lightbox\" rel=&quot;elpt-portfolio&quot; style=\"background-image: url(https:\/\/vefir.borgo.is\/soleyragnarsdottir\/wp-content\/uploads\/2021\/12\/soley-jon-muli-vinyl-plata.jpg)\" title=\"fors\u00ed\u00f0a\"  ><img decoding=\"async\" src=\"https:\/\/vefir.borgo.is\/soleyragnarsdottir\/wp-content\/uploads\/2021\/12\/soley-jon-muli-vinyl-plata.jpg\" title=\"J\u00d3N M\u00daLA V\u00cdNIL PLATA\" alt=\"J\u00d3N M\u00daLA V\u00cdNIL PLATA\"\/><div class=\"portfolio-item-infos-wrapper\" style=\"background-color:;\"><div class=\"portfolio-item-infos\"><div class=\"portfolio-item-title\">J\u00d3N M\u00daLA V\u00cdNIL PLATA<\/div><div class=\"portfolio-item-category\"><span class=\"elpt-portfolio-cat\">GRAF\u00cdSK H\u00d6NNUN<\/span><\/div><\/div><\/div><\/a><\/div><\/div><\/div>\t\t<script><\/script>\r\n\t\t\t\t<\/div>\n\t\t\t\t<\/div>\n\t\t\t\t\t<\/div>\n\t\t<\/div>\n\t\t\t\t\t\t\t<\/div>\n\t\t<\/section>\n\t\t\t\t<section class=\"elementor-section elementor-top-section elementor-element elementor-element-47ee2e1 elementor-section-boxed elementor-section-height-default elementor-section-height-default\" data-id=\"47ee2e1\" data-element_type=\"section\">\n\t\t\t\t\t\t<div class=\"elementor-container elementor-column-gap-default\">\n\t\t\t\t\t<div class=\"elementor-column elementor-col-100 elementor-top-column elementor-element elementor-element-66d03c4\" data-id=\"66d03c4\" data-element_type=\"column\">\n\t\t\t<div class=\"elementor-widget-wrap elementor-element-populated\">\n\t\t\t\t\t\t\t\t<div class=\"elementor-element elementor-element-59058f4 elementor-widget elementor-widget-text-editor\" data-id=\"59058f4\" data-element_type=\"widget\" data-widget_type=\"text-editor.default\">\n\t\t\t\t<div class=\"elementor-widget-container\">\n\t\t\t\t\t\t\t<p style=\"text-align: center;\"><a href=\"mailto:soleyragnars03@gmail.com\"><strong>Hafa samband<\/strong><\/a><\/p>\t\t\t\t\t\t<\/div>\n\t\t\t\t<\/div>\n\t\t\t\t\t<\/div>\n\t\t<\/div>\n\t\t\t\t\t\t\t<\/div>\n\t\t<\/section>\n\t\t\t\t\t\t<\/div>\n\t\t\t\t\t<\/div>\n\t\t","protected":false},"excerpt":{"rendered":"<p>PORTF\u00d3L\u00cd\u00d3 S\u00f3ley Ragnarsd\u00f3ttir AllGRAF\u00cdSK H\u00d6NNUNPLAK\u00d6TVEFH\u00d6NNUNAMER\u00cdSKA S\u00d6NGB\u00d3KIN &#8211; M\u00cdTPLAK\u00d6TJ\u00d3N M\u00daLI AFM\u00c6LIST\u00d3NLEIKAR &#8211; M\u00cdTPLAK\u00d6TLOGO FYRIR HUNANGSATNGRAF\u00cdSK H\u00d6NNUNVIN INNANH\u00daSARKITEKTASTOFA LOGOGRAF\u00cdSK H\u00d6NNUNANIMERA\u00d0 LOGO &#8211; HUNANGSVATNGRAF\u00cdSK H\u00d6NNUNHUNANGSVATN \u00cd LITGRAF\u00cdSK H\u00d6NNUNBJ\u00daGNAKR\u00c6KIRVEFH\u00d6NNUNJ\u00d3N M\u00daLA V\u00cdNIL PLATAGRAF\u00cdSK H\u00d6NNUN Hafa samband<\/p>\n","protected":false},"author":1,"featured_media":0,"parent":0,"menu_order":0,"comment_status":"closed","ping_status":"closed","template":"","meta":{"site-sidebar-layout":"no-sidebar","site-content-layout":"page-builder","ast-main-header-display":"","ast-hfb-above-header-display":"","ast-hfb-below-header-display":"","ast-hfb-mobile-header-display":"","site-post-title":"disabled","ast-breadcrumbs-content":"","ast-featured-img":"disabled","footer-sml-layout":"","theme-transparent-header-meta":"","adv-header-id-meta":"","stick-header-meta":"","header-above-stick-meta":"","header-main-stick-meta":"","header-below-stick-meta":"","footnotes":""},"class_list":["post-10","page","type-page","status-publish","hentry"],"_links":{"self":[{"href":"https:\/\/vefir.borgo.is\/soleyragnarsdottir\/index.php\/wp-json\/wp\/v2\/pages\/10","targetHints":{"allow":["GET"]}}],"collection":[{"href":"https:\/\/vefir.borgo.is\/soleyragnarsdottir\/index.php\/wp-json\/wp\/v2\/pages"}],"about":[{"href":"https:\/\/vefir.borgo.is\/soleyragnarsdottir\/index.php\/wp-json\/wp\/v2\/types\/page"}],"author":[{"embeddable":true,"href":"https:\/\/vefir.borgo.is\/soleyragnarsdottir\/index.php\/wp-json\/wp\/v2\/users\/1"}],"replies":[{"embeddable":true,"href":"https:\/\/vefir.borgo.is\/soleyragnarsdottir\/index.php\/wp-json\/wp\/v2\/comments?post=10"}],"version-history":[{"count":77,"href":"https:\/\/vefir.borgo.is\/soleyragnarsdottir\/index.php\/wp-json\/wp\/v2\/pages\/10\/revisions"}],"predecessor-version":[{"id":113,"href":"https:\/\/vefir.borgo.is\/soleyragnarsdottir\/index.php\/wp-json\/wp\/v2\/pages\/10\/revisions\/113"}],"wp:attachment":[{"href":"https:\/\/vefir.borgo.is\/soleyragnarsdottir\/index.php\/wp-json\/wp\/v2\/media?parent=10"}],"curies":[{"name":"wp","href":"https:\/\/api.w.org\/{rel}","templated":true}]}}